{"id":455,"date":"2023-10-23T15:26:54","date_gmt":"2023-10-23T13:26:54","guid":{"rendered":"https:\/\/altrisacces.fr\/?post_type=product&#038;p=455"},"modified":"2024-07-01T16:54:11","modified_gmt":"2024-07-01T14:54:11","slug":"eclairage-solaire-led-urbain-epjd-sl1072","status":"publish","type":"product","link":"https:\/\/altrisacces.fr\/index.php\/produit\/eclairage-solaire-led-urbain-epjd-sl1072\/","title":{"rendered":"Eclairage solaire led urbain EPJD-SL1072"},"content":{"rendered":"<p>L&rsquo;\u00e9clairage solaire led urbain EPJD-SL1072 est id\u00e9al:<\/p>\n<p>\u2022\u00a0\u00c9clairage routier et \u00c9clairage de square ou place<br \/>\n\u2022 Id\u00e9ale en r\u00e9gion intertropicale (l\u00e9g\u00e8re inclinaison du panneau photovolta\u00efque)<br \/>\n\u2022 Syst\u00e8me simple et fiable<br \/>\n\u2022 Dur\u00e9e de vie en conditions extr\u00eames<br \/>\n\u2022 R\u00e9sistant aux conditions climatiques extr\u00eames<\/p>\n<div><\/div>\n<h2><strong>Fonctionnalit\u00e9s de l&rsquo;\u00e9clairage solaire led urbain EPJD-SL1072<\/strong><\/h2>\n<p>&nbsp;<\/p>\n<h3>Caract\u00e9ristiques<\/h3>\n<table border=\"1\" width=\"100%\" cellspacing=\"0\" cellpadding=\"0\">\n<tbody>\n<tr>\n<td class=\"et2\" width=\"142\" height=\"64\">Product Code<\/td>\n<td class=\"et3\" width=\"142\">EPJD-SL1072A<\/td>\n<td class=\"et3\" width=\"142\">EPJD-SL1072B<\/td>\n<td class=\"et3\" width=\"142\">EPJD-SL1072C<\/td>\n<td class=\"et3\" width=\"142\">EPJD-SL1072D<\/td>\n<td class=\"et3\" width=\"142\">EPJD-SL1072E<\/td>\n<td class=\"et3\" width=\"142\">EPJD-SL1072F<\/td>\n<td class=\"et3\" width=\"142\">EPJD-SL1072G<\/td>\n<td class=\"et3\" width=\"142\">EPJD-SL1072H<\/td>\n<\/tr>\n<tr>\n<td class=\"et4\" width=\"142\" height=\"64\">LED Quantity<\/td>\n<td class=\"et5\" width=\"142\">30pcs 5050<\/td>\n<td class=\"et5\" width=\"142\">30pcs 5050<\/td>\n<td class=\"et5\" width=\"142\">40pcs 5050<\/td>\n<td class=\"et5\" width=\"142\">40pcs 5050<\/td>\n<td class=\"et5\" width=\"142\">50pcs 5050<\/td>\n<td class=\"et5\" width=\"142\">50pcs 5050<\/td>\n<td class=\"et5\" width=\"142\">60pcs 5050<\/td>\n<td class=\"et5\" width=\"142\">60pcs 5050<\/td>\n<\/tr>\n<tr>\n<td class=\"et4\" width=\"142\" height=\"64\">Rate Power<\/td>\n<td class=\"et5\" width=\"142\">100W<\/td>\n<td class=\"et5\" width=\"142\">120W<\/td>\n<td class=\"et5\" width=\"142\">140W<\/td>\n<td class=\"et5\" width=\"142\">160W<\/td>\n<td class=\"et5\" width=\"142\">180W<\/td>\n<td class=\"et5\" width=\"142\">200W<\/td>\n<td class=\"et5\" width=\"142\">280W<\/td>\n<td class=\"et5\" width=\"142\">300W<\/td>\n<\/tr>\n<tr>\n<td class=\"et4\" width=\"142\" height=\"64\">Color<\/td>\n<td class=\"et5\" width=\"142\">gray<\/td>\n<td class=\"et5\" width=\"142\">gray<\/td>\n<td class=\"et5\" width=\"142\">gray<\/td>\n<td class=\"et5\" width=\"142\">gray<\/td>\n<td class=\"et5\" width=\"142\">gray<\/td>\n<td class=\"et5\" width=\"142\">gray<\/td>\n<td class=\"et5\" width=\"142\">gray<\/td>\n<td class=\"et5\" width=\"142\">gray<\/td>\n<\/tr>\n<tr>\n<td class=\"et4\" width=\"142\" height=\"64\">operating time<\/td>\n<td class=\"et5\" width=\"142\">3-4 hours of light charging<br \/>\nSmart mode rainy<br \/>\ndays 3-5 days<\/td>\n<td class=\"et5\" width=\"142\">3-4 hours of light charging<br \/>\nSmart mode rainy<br \/>\ndays 3-5 days<\/td>\n<td class=\"et5\" width=\"142\">3-4 hours of light charging<br \/>\nSmart mode rainy<br \/>\ndays 3-5 days<\/td>\n<td class=\"et5\" width=\"142\">3-4 hours of light charging<br \/>\nSmart mode rainy<br \/>\ndays 3-5 days<\/td>\n<td class=\"et5\" width=\"142\">3-4 hours of light charging<br \/>\nSmart mode rainy<br \/>\ndays 3-5 days<\/td>\n<td class=\"et5\" width=\"142\">3-4 hours of light charging<br \/>\nSmart mode rainy<br \/>\ndays 3-5 days<\/td>\n<td class=\"et5\" width=\"142\">3-4 hours of light charging<br \/>\nSmart mode rainy<br \/>\ndays 3-5 days<\/td>\n<td class=\"et5\" width=\"142\">3-4 hours of light charging<br \/>\nSmart mode rainy<br \/>\ndays 3-5 days<\/td>\n<\/tr>\n<tr>\n<td class=\"et4\" width=\"142\" height=\"64\">Luminary EER<\/td>\n<td class=\"et5\" width=\"142\">170lm\/w<\/td>\n<td class=\"et5\" width=\"142\">165lm\/w<\/td>\n<td class=\"et5\" width=\"142\">170lm\/w<\/td>\n<td class=\"et5\" width=\"142\">165lm\/w<\/td>\n<td class=\"et5\" width=\"142\">170lm\/w<\/td>\n<td class=\"et5\" width=\"142\">165lm\/w<\/td>\n<td class=\"et5\" width=\"142\">170lm\/w<\/td>\n<td class=\"et5\" width=\"142\">165lm\/w<\/td>\n<\/tr>\n<tr>\n<td class=\"et4\" width=\"142\" height=\"64\">Battery capacity<\/td>\n<td class=\"et5\" width=\"142\">15AH\/3.2V<\/td>\n<td class=\"et5\" width=\"142\">18AH\/3.2V<\/td>\n<td class=\"et5\" width=\"142\">20AH\/3.2V<\/td>\n<td class=\"et5\" width=\"142\">23AH\/3.2V<\/td>\n<td class=\"et5\" width=\"142\">27AH\/3.2V<\/td>\n<td class=\"et5\" width=\"142\">30AH\/3.2V<\/td>\n<td class=\"et5\" width=\"142\">40AH\/3.2V<\/td>\n<td class=\"et5\" width=\"142\">43AH\/3.2V<\/td>\n<\/tr>\n<tr>\n<td class=\"et4\" width=\"142\" height=\"64\">Battery type<\/td>\n<td class=\"et5\" width=\"142\">IFR ithium iron phosphate<\/td>\n<td class=\"et5\" width=\"142\">IFR ithium iron phosphate<\/td>\n<td class=\"et5\" width=\"142\">IFR ithium iron phosphate<\/td>\n<td class=\"et5\" width=\"142\">IFR ithium iron phosphate<\/td>\n<td class=\"et5\" width=\"142\">IFR ithium iron phosphate<\/td>\n<td class=\"et5\" width=\"142\">IFR ithium iron phosphate<\/td>\n<td class=\"et5\" width=\"142\">IFR ithium iron phosphate<\/td>\n<td class=\"et5\" width=\"142\">IFR ithium iron phosphate<\/td>\n<\/tr>\n<tr>\n<td class=\"et4\" width=\"142\" height=\"64\">Solar monocrystalline silicon panel<\/td>\n<td class=\"et5\" width=\"142\">15W<\/td>\n<td class=\"et5\" width=\"142\">20W<\/td>\n<td class=\"et5\" width=\"142\">20W<\/td>\n<td class=\"et5\" width=\"142\">25W<\/td>\n<td class=\"et5\" width=\"142\">25W<\/td>\n<td class=\"et5\" width=\"142\">30W<\/td>\n<td class=\"et5\" width=\"142\">40W<\/td>\n<td class=\"et5\" width=\"142\">45W<\/td>\n<\/tr>\n<tr>\n<td class=\"et4\" width=\"142\" height=\"64\">lnstallation pipe Dia<\/td>\n<td class=\"et5\" width=\"142\">\u03a660mm<\/td>\n<td class=\"et5\" width=\"142\">\u03a660mm<\/td>\n<td class=\"et5\" width=\"142\">\u03a660mm<\/td>\n<td class=\"et5\" width=\"142\">\u03a660mm<\/td>\n<td class=\"et5\" width=\"142\">\u03a660mm<\/td>\n<td class=\"et5\" width=\"142\">\u03a660mm<\/td>\n<td class=\"et5\" width=\"142\">\u03a660mm<\/td>\n<td class=\"et5\" width=\"142\">\u03a660mm<\/td>\n<\/tr>\n<tr>\n<td class=\"et4\" width=\"142\" height=\"64\">Installation Height<\/td>\n<td class=\"et5\" width=\"142\">3-5m<\/td>\n<td class=\"et5\" width=\"142\">3-5m<\/td>\n<td class=\"et5\" width=\"142\">4-6m<\/td>\n<td class=\"et5\" width=\"142\">4-6m<\/td>\n<td class=\"et5\" width=\"142\">5-7m<\/td>\n<td class=\"et5\" width=\"142\">5-7m<\/td>\n<td class=\"et5\" width=\"142\">6-8m<\/td>\n<td class=\"et5\" width=\"142\">6-8m<\/td>\n<\/tr>\n<tr>\n<td class=\"et4\" width=\"142\" height=\"64\">Temperature of working condition<\/td>\n<td class=\"et6\" width=\"142\"><span class=\"font3\">-10<\/span><span class=\"font1\">\u2103<\/span><span class=\"font3\">\u00a0&#8211; 60<\/span><span class=\"font1\">\u2103<\/span><\/td>\n<td class=\"et6\" width=\"142\"><span class=\"font3\">-10<\/span><span class=\"font1\">\u2103<\/span><span class=\"font3\">\u00a0&#8211; 60<\/span><span class=\"font1\">\u2103<\/span><\/td>\n<td class=\"et6\" width=\"142\"><span class=\"font3\">-10<\/span><span class=\"font1\">\u2103<\/span><span class=\"font3\">\u00a0&#8211; 60<\/span><span class=\"font1\">\u2103<\/span><\/td>\n<td class=\"et6\" width=\"142\"><span class=\"font3\">-10<\/span><span class=\"font1\">\u2103<\/span><span class=\"font3\">\u00a0&#8211; 60<\/span><span class=\"font1\">\u2103<\/span><\/td>\n<td class=\"et6\" width=\"142\"><span class=\"font3\">-10<\/span><span class=\"font1\">\u2103<\/span><span class=\"font3\">\u00a0&#8211; 60<\/span><span class=\"font1\">\u2103<\/span><\/td>\n<td class=\"et6\" width=\"142\"><span class=\"font3\">-10<\/span><span class=\"font1\">\u2103<\/span><span class=\"font3\">\u00a0&#8211; 60<\/span><span class=\"font1\">\u2103<\/span><\/td>\n<td class=\"et6\" width=\"142\"><span class=\"font3\">-10<\/span><span class=\"font1\">\u2103<\/span><span class=\"font3\">\u00a0&#8211; 60<\/span><span class=\"font1\">\u2103<\/span><\/td>\n<td class=\"et6\" width=\"142\"><span class=\"font3\">-10<\/span><span class=\"font1\">\u2103<\/span><span class=\"font3\">\u00a0&#8211; 60<\/span><span class=\"font1\">\u2103<\/span><\/td>\n<\/tr>\n<tr>\n<td class=\"et4\" width=\"142\" height=\"64\">Protestion Grade<\/td>\n<td class=\"et5\" width=\"142\">IP66<\/td>\n<td class=\"et5\" width=\"142\">IP66<\/td>\n<td class=\"et5\" width=\"142\">IP66<\/td>\n<td class=\"et5\" width=\"142\">IP66<\/td>\n<td class=\"et5\" width=\"142\">IP66<\/td>\n<td class=\"et5\" width=\"142\">IP66<\/td>\n<td class=\"et5\" width=\"142\">IP66<\/td>\n<td class=\"et5\" width=\"142\">IP66<\/td>\n<\/tr>\n<tr>\n<td class=\"et4\" width=\"142\" height=\"64\">Net Weight<\/td>\n<td class=\"et7\" width=\"142\">3.998kg<\/td>\n<td class=\"et7\" width=\"142\">4.403kg<\/td>\n<td class=\"et7\" width=\"142\">4.41kg<\/td>\n<td class=\"et7\" width=\"142\">4.667kg<\/td>\n<td class=\"et7\" width=\"142\">4.828kg<\/td>\n<td class=\"et7\" width=\"142\">5.185kg<\/td>\n<td class=\"et7\" width=\"142\">5.915kg<\/td>\n<td class=\"et7\" width=\"142\">6.406kg<\/td>\n<\/tr>\n<tr>\n<td class=\"et4\" width=\"142\" height=\"64\">Gross Weight<\/td>\n<td class=\"et7\" width=\"142\">4.663kg<\/td>\n<td class=\"et7\" width=\"142\">5.168kg<\/td>\n<td class=\"et7\" width=\"142\">5.175kg<\/td>\n<td class=\"et7\" width=\"142\">5.532kg<\/td>\n<td class=\"et7\" width=\"142\">5.793kg<\/td>\n<td class=\"et7\" width=\"142\">6.25kg<\/td>\n<td class=\"et7\" width=\"142\">7.18kg<\/td>\n<td class=\"et7\" width=\"142\">7.771kg<\/td>\n<\/tr>\n<tr>\n<td class=\"et4\" width=\"142\" height=\"64\">Product Size<\/td>\n<td class=\"et5\" width=\"142\">492x210x68mm<\/td>\n<td class=\"et5\" width=\"142\">492x210x68mm<\/td>\n<td class=\"et5\" width=\"142\">492x210x68mm<\/td>\n<td class=\"et5\" width=\"142\">492x210x68mm<\/td>\n<td class=\"et5\" width=\"142\">492x210x68mm<\/td>\n<td class=\"et5\" width=\"142\">492x210x68mm<\/td>\n<td class=\"et5\" width=\"142\">492x210x68mm<\/td>\n<td class=\"et5\" width=\"142\">492x210x68mm<\/td>\n<\/tr>\n<\/tbody>\n<\/table>\n<p>Retrouvez l&rsquo;ensemble de notre gamme <em>\u00e9clairage solaire LED urbain<\/em> <a href=\"https:\/\/altrisacces.fr\/index.php\/categorie-produit\/eclairages-urbains\/\">ici<\/a><\/p>\n","protected":false},"excerpt":{"rendered":"<p>L&rsquo;\u00e9clairage solaire led urbain EPJD-SL1072 est id\u00e9al pour les routes secondaires. Il trouvera sa place sur\u00a0les routes d&rsquo;usine, les parcs ou les routes de montagne.<br \/>\nMais aussi pour les projets d&rsquo;\u00e9clairage de fermes et de zones \u00e9loign\u00e9es, cour, \u00e9coles, places et autres lieux d&rsquo;\u00e9clairage ext\u00e9rieur.<\/p>\n","protected":false},"featured_media":456,"comment_status":"open","ping_status":"closed","template":"","meta":{"_acf_changed":false},"product_cat":[28,37],"product_tag":[],"class_list":{"0":"post-455","1":"product","2":"type-product","3":"status-publish","4":"has-post-thumbnail","6":"product_cat-eclairages-urbains","7":"product_cat-gamme-solaire","9":"first","10":"instock","11":"shipping-taxable","12":"product-type-simple"},"acf":[],"yoast_head":"<!-- This site is optimized with the Yoast SEO plugin v22.9 - https:\/\/yoast.com\/wordpress\/plugins\/seo\/ -->\n<title>Eclairage solaire led urbain EPJD-SL1072 - Altris | Eclairages LED<\/title>\n<meta name=\"description\" content=\"L&#039;\u00e9clairage solaire led urbain EPJD-SL1072 est id\u00e9al pour les routes secondaires, routes d&#039;usine, les parcs ou les routes de montagne.\" \/>\n<meta name=\"robots\" content=\"index, follow, max-snippet:-1, max-image-preview:large, max-video-preview:-1\" \/>\n<link rel=\"canonical\" href=\"https:\/\/altrisacces.fr\/index.php\/produit\/eclairage-solaire-led-urbain-epjd-sl1072\/\" \/>\n<meta property=\"og:locale\" content=\"fr_FR\" \/>\n<meta property=\"og:type\" content=\"article\" \/>\n<meta property=\"og:title\" content=\"Eclairage solaire led urbain EPJD-SL1072 - Altris | Eclairages LED\" \/>\n<meta property=\"og:description\" content=\"L&#039;\u00e9clairage solaire led urbain EPJD-SL1072 est id\u00e9al pour les routes secondaires, routes d&#039;usine, les parcs ou les routes de montagne.\" \/>\n<meta property=\"og:url\" content=\"https:\/\/altrisacces.fr\/index.php\/produit\/eclairage-solaire-led-urbain-epjd-sl1072\/\" \/>\n<meta property=\"og:site_name\" content=\"Altris\" \/>\n<meta property=\"article:modified_time\" content=\"2024-07-01T14:54:11+00:00\" \/>\n<meta property=\"og:image\" content=\"https:\/\/altrisacces.fr\/wp-content\/uploads\/2023\/10\/EPJD-SL1072-1.png\" \/>\n\t<meta property=\"og:image:width\" content=\"800\" \/>\n\t<meta property=\"og:image:height\" content=\"800\" \/>\n\t<meta property=\"og:image:type\" content=\"image\/png\" \/>\n<meta name=\"twitter:card\" content=\"summary_large_image\" \/>\n<meta name=\"twitter:label1\" content=\"Dur\u00e9e de lecture estim\u00e9e\" \/>\n\t<meta name=\"twitter:data1\" content=\"3 minutes\" \/>\n<script type=\"application\/ld+json\" class=\"yoast-schema-graph\">{\"@context\":\"https:\/\/schema.org\",\"@graph\":[{\"@type\":\"WebPage\",\"@id\":\"https:\/\/altrisacces.fr\/index.php\/produit\/eclairage-solaire-led-urbain-epjd-sl1072\/\",\"url\":\"https:\/\/altrisacces.fr\/index.php\/produit\/eclairage-solaire-led-urbain-epjd-sl1072\/\",\"name\":\"Eclairage solaire led urbain EPJD-SL1072 - Altris | Eclairages LED\",\"isPartOf\":{\"@id\":\"https:\/\/altrisacces.fr\/#website\"},\"primaryImageOfPage\":{\"@id\":\"https:\/\/altrisacces.fr\/index.php\/produit\/eclairage-solaire-led-urbain-epjd-sl1072\/#primaryimage\"},\"image\":{\"@id\":\"https:\/\/altrisacces.fr\/index.php\/produit\/eclairage-solaire-led-urbain-epjd-sl1072\/#primaryimage\"},\"thumbnailUrl\":\"https:\/\/altrisacces.fr\/wp-content\/uploads\/2023\/10\/EPJD-SL1072-1.png\",\"datePublished\":\"2023-10-23T13:26:54+00:00\",\"dateModified\":\"2024-07-01T14:54:11+00:00\",\"description\":\"L'\u00e9clairage solaire led urbain EPJD-SL1072 est id\u00e9al pour les routes secondaires, routes d'usine, les parcs ou les routes de montagne.\",\"breadcrumb\":{\"@id\":\"https:\/\/altrisacces.fr\/index.php\/produit\/eclairage-solaire-led-urbain-epjd-sl1072\/#breadcrumb\"},\"inLanguage\":\"fr-FR\",\"potentialAction\":[{\"@type\":\"ReadAction\",\"target\":[\"https:\/\/altrisacces.fr\/index.php\/produit\/eclairage-solaire-led-urbain-epjd-sl1072\/\"]}]},{\"@type\":\"ImageObject\",\"inLanguage\":\"fr-FR\",\"@id\":\"https:\/\/altrisacces.fr\/index.php\/produit\/eclairage-solaire-led-urbain-epjd-sl1072\/#primaryimage\",\"url\":\"https:\/\/altrisacces.fr\/wp-content\/uploads\/2023\/10\/EPJD-SL1072-1.png\",\"contentUrl\":\"https:\/\/altrisacces.fr\/wp-content\/uploads\/2023\/10\/EPJD-SL1072-1.png\",\"width\":800,\"height\":800,\"caption\":\"\u00e9clairage solaire led urbain\"},{\"@type\":\"BreadcrumbList\",\"@id\":\"https:\/\/altrisacces.fr\/index.php\/produit\/eclairage-solaire-led-urbain-epjd-sl1072\/#breadcrumb\",\"itemListElement\":[{\"@type\":\"ListItem\",\"position\":1,\"name\":\"Accueil\",\"item\":\"https:\/\/altrisacces.fr\/\"},{\"@type\":\"ListItem\",\"position\":2,\"name\":\"Produits\",\"item\":\"https:\/\/altrisacces.fr\/index.php\/produits\/\"},{\"@type\":\"ListItem\",\"position\":3,\"name\":\"Eclairage solaire led urbain EPJD-SL1072\"}]},{\"@type\":\"WebSite\",\"@id\":\"https:\/\/altrisacces.fr\/#website\",\"url\":\"https:\/\/altrisacces.fr\/\",\"name\":\"Altris\",\"description\":\"\u00e9clairage LED public, ext\u00e9rieur, tertiaire et industriel\",\"publisher\":{\"@id\":\"https:\/\/altrisacces.fr\/#organization\"},\"potentialAction\":[{\"@type\":\"SearchAction\",\"target\":{\"@type\":\"EntryPoint\",\"urlTemplate\":\"https:\/\/altrisacces.fr\/?s={search_term_string}\"},\"query-input\":\"required name=search_term_string\"}],\"inLanguage\":\"fr-FR\"},{\"@type\":\"Organization\",\"@id\":\"https:\/\/altrisacces.fr\/#organization\",\"name\":\"Altris\",\"url\":\"https:\/\/altrisacces.fr\/\",\"logo\":{\"@type\":\"ImageObject\",\"inLanguage\":\"fr-FR\",\"@id\":\"https:\/\/altrisacces.fr\/#\/schema\/logo\/image\/\",\"url\":\"https:\/\/altrisacces.fr\/wp-content\/uploads\/2023\/10\/logo_Altris.png\",\"contentUrl\":\"https:\/\/altrisacces.fr\/wp-content\/uploads\/2023\/10\/logo_Altris.png\",\"width\":1579,\"height\":1006,\"caption\":\"Altris\"},\"image\":{\"@id\":\"https:\/\/altrisacces.fr\/#\/schema\/logo\/image\/\"}}]}<\/script>\n<!-- \/ Yoast SEO plugin. -->","yoast_head_json":{"title":"Eclairage solaire led urbain EPJD-SL1072 - Altris | Eclairages LED","description":"L'\u00e9clairage solaire led urbain EPJD-SL1072 est id\u00e9al pour les routes secondaires, routes d'usine, les parcs ou les routes de montagne.","robots":{"index":"index","follow":"follow","max-snippet":"max-snippet:-1","max-image-preview":"max-image-preview:large","max-video-preview":"max-video-preview:-1"},"canonical":"https:\/\/altrisacces.fr\/index.php\/produit\/eclairage-solaire-led-urbain-epjd-sl1072\/","og_locale":"fr_FR","og_type":"article","og_title":"Eclairage solaire led urbain EPJD-SL1072 - Altris | Eclairages LED","og_description":"L'\u00e9clairage solaire led urbain EPJD-SL1072 est id\u00e9al pour les routes secondaires, routes d'usine, les parcs ou les routes de montagne.","og_url":"https:\/\/altrisacces.fr\/index.php\/produit\/eclairage-solaire-led-urbain-epjd-sl1072\/","og_site_name":"Altris","article_modified_time":"2024-07-01T14:54:11+00:00","og_image":[{"width":800,"height":800,"url":"https:\/\/altrisacces.fr\/wp-content\/uploads\/2023\/10\/EPJD-SL1072-1.png","type":"image\/png"}],"twitter_card":"summary_large_image","twitter_misc":{"Dur\u00e9e de lecture estim\u00e9e":"3 minutes"},"schema":{"@context":"https:\/\/schema.org","@graph":[{"@type":"WebPage","@id":"https:\/\/altrisacces.fr\/index.php\/produit\/eclairage-solaire-led-urbain-epjd-sl1072\/","url":"https:\/\/altrisacces.fr\/index.php\/produit\/eclairage-solaire-led-urbain-epjd-sl1072\/","name":"Eclairage solaire led urbain EPJD-SL1072 - Altris | Eclairages LED","isPartOf":{"@id":"https:\/\/altrisacces.fr\/#website"},"primaryImageOfPage":{"@id":"https:\/\/altrisacces.fr\/index.php\/produit\/eclairage-solaire-led-urbain-epjd-sl1072\/#primaryimage"},"image":{"@id":"https:\/\/altrisacces.fr\/index.php\/produit\/eclairage-solaire-led-urbain-epjd-sl1072\/#primaryimage"},"thumbnailUrl":"https:\/\/altrisacces.fr\/wp-content\/uploads\/2023\/10\/EPJD-SL1072-1.png","datePublished":"2023-10-23T13:26:54+00:00","dateModified":"2024-07-01T14:54:11+00:00","description":"L'\u00e9clairage solaire led urbain EPJD-SL1072 est id\u00e9al pour les routes secondaires, routes d'usine, les parcs ou les routes de montagne.","breadcrumb":{"@id":"https:\/\/altrisacces.fr\/index.php\/produit\/eclairage-solaire-led-urbain-epjd-sl1072\/#breadcrumb"},"inLanguage":"fr-FR","potentialAction":[{"@type":"ReadAction","target":["https:\/\/altrisacces.fr\/index.php\/produit\/eclairage-solaire-led-urbain-epjd-sl1072\/"]}]},{"@type":"ImageObject","inLanguage":"fr-FR","@id":"https:\/\/altrisacces.fr\/index.php\/produit\/eclairage-solaire-led-urbain-epjd-sl1072\/#primaryimage","url":"https:\/\/altrisacces.fr\/wp-content\/uploads\/2023\/10\/EPJD-SL1072-1.png","contentUrl":"https:\/\/altrisacces.fr\/wp-content\/uploads\/2023\/10\/EPJD-SL1072-1.png","width":800,"height":800,"caption":"\u00e9clairage solaire led urbain"},{"@type":"BreadcrumbList","@id":"https:\/\/altrisacces.fr\/index.php\/produit\/eclairage-solaire-led-urbain-epjd-sl1072\/#breadcrumb","itemListElement":[{"@type":"ListItem","position":1,"name":"Accueil","item":"https:\/\/altrisacces.fr\/"},{"@type":"ListItem","position":2,"name":"Produits","item":"https:\/\/altrisacces.fr\/index.php\/produits\/"},{"@type":"ListItem","position":3,"name":"Eclairage solaire led urbain EPJD-SL1072"}]},{"@type":"WebSite","@id":"https:\/\/altrisacces.fr\/#website","url":"https:\/\/altrisacces.fr\/","name":"Altris","description":"\u00e9clairage LED public, ext\u00e9rieur, tertiaire et industriel","publisher":{"@id":"https:\/\/altrisacces.fr\/#organization"},"potentialAction":[{"@type":"SearchAction","target":{"@type":"EntryPoint","urlTemplate":"https:\/\/altrisacces.fr\/?s={search_term_string}"},"query-input":"required name=search_term_string"}],"inLanguage":"fr-FR"},{"@type":"Organization","@id":"https:\/\/altrisacces.fr\/#organization","name":"Altris","url":"https:\/\/altrisacces.fr\/","logo":{"@type":"ImageObject","inLanguage":"fr-FR","@id":"https:\/\/altrisacces.fr\/#\/schema\/logo\/image\/","url":"https:\/\/altrisacces.fr\/wp-content\/uploads\/2023\/10\/logo_Altris.png","contentUrl":"https:\/\/altrisacces.fr\/wp-content\/uploads\/2023\/10\/logo_Altris.png","width":1579,"height":1006,"caption":"Altris"},"image":{"@id":"https:\/\/altrisacces.fr\/#\/schema\/logo\/image\/"}}]}},"_links":{"self":[{"href":"https:\/\/altrisacces.fr\/index.php\/wp-json\/wp\/v2\/product\/455","targetHints":{"allow":["GET"]}}],"collection":[{"href":"https:\/\/altrisacces.fr\/index.php\/wp-json\/wp\/v2\/product"}],"about":[{"href":"https:\/\/altrisacces.fr\/index.php\/wp-json\/wp\/v2\/types\/product"}],"replies":[{"embeddable":true,"href":"https:\/\/altrisacces.fr\/index.php\/wp-json\/wp\/v2\/comments?post=455"}],"wp:featuredmedia":[{"embeddable":true,"href":"https:\/\/altrisacces.fr\/index.php\/wp-json\/wp\/v2\/media\/456"}],"wp:attachment":[{"href":"https:\/\/altrisacces.fr\/index.php\/wp-json\/wp\/v2\/media?parent=455"}],"wp:term":[{"taxonomy":"product_cat","embeddable":true,"href":"https:\/\/altrisacces.fr\/index.php\/wp-json\/wp\/v2\/product_cat?post=455"},{"taxonomy":"product_tag","embeddable":true,"href":"https:\/\/altrisacces.fr\/index.php\/wp-json\/wp\/v2\/product_tag?post=455"}],"curies":[{"name":"wp","href":"https:\/\/api.w.org\/{rel}","templated":true}]}}