{"id":868,"date":"2024-02-13T08:51:20","date_gmt":"2024-02-13T07:51:20","guid":{"rendered":"https:\/\/altrisacces.fr\/?post_type=product&#038;p=868"},"modified":"2024-06-26T12:12:20","modified_gmt":"2024-06-26T10:12:20","slug":"ep-2007","status":"publish","type":"product","link":"https:\/\/altrisacces.fr\/index.php\/produit\/ep-2007\/","title":{"rendered":"borne de balisage ext\u00e9rieur EP-2007"},"content":{"rendered":"<p>La borne de balisage ext\u00e9rieur EP-2007 moderne, de 100 cm de hauteur, en IP65, est id\u00e9al pour \u00eatre plac\u00e9 et illuminer n\u2019importe quel coin de votre jardin ou terrasse. Vous pouvez choisir une ampoule avec une lumi\u00e8re plus ou moins forte ainsi qu\u2019une temp\u00e9rature de couleur plut\u00f4t chaude ou froide selon vos besoins. Pour b\u00e9n\u00e9ficier d\u2019\u00e9conomies d\u2019\u00e9nergie, vous pouvez pr\u00e9f\u00e9rer une ampoule LED. Ce mod\u00e8le est \u00e9galement disponible en applique avec ou sans d\u00e9tecteur, en borne afin de coordonner vos lumi\u00e8res. Ampoule E27 vendue s\u00e9par\u00e9ment.<\/p>\n<h3>Caract\u00e9ristiques techniques de la borne de balisage ext\u00e9rieur EP-2007<\/h3>\n<p>1. Bo\u00eetier en aluminium moul\u00e9 sous pression ; lentille en PC transparent ;<br \/>\n2. Ampoule E27, Max. 100W<br \/>\n3. Classe I, 110-240V\/50Hz<br \/>\n4. IP65<br \/>\n5. taille : D \u03a6275*H1000mm<\/p>\n<p><em>D\u00e9couvrez toutes nos bornes de balisage ext\u00e9rieur <a href=\"https:\/\/altrisacces.fr\/index.php\/categorie-produit\/eclairages-urbains\/bornes-balisage-exterieur\/\">ici<\/a><\/em><\/p>\n","protected":false},"excerpt":{"rendered":"<p>La borne de balisage ext\u00e9rieur EP-2007 moderne, de 100 cm de hauteur, en IP65, est id\u00e9al pour \u00eatre plac\u00e9 et illuminer n\u2019importe quel coin de votre jardin ou terrasse. Vous pouvez choisir une ampoule avec une lumi\u00e8re plus ou moins forte ainsi qu\u2019une temp\u00e9rature de couleur plut\u00f4t chaude ou froide selon vos besoins.<br \/>\nLa borne de balisage ext\u00e9rieur EP-2007 , avec ampoule E27, vendue s\u00e9par\u00e9ment.<\/p>\n","protected":false},"featured_media":869,"comment_status":"open","ping_status":"closed","template":"","meta":{"_acf_changed":false},"product_cat":[39],"product_tag":[],"class_list":{"0":"post-868","1":"product","2":"type-product","3":"status-publish","4":"has-post-thumbnail","6":"product_cat-bornes-balisage-exterieur","8":"first","9":"instock","10":"shipping-taxable","11":"product-type-simple"},"acf":[],"yoast_head":"<!-- This site is optimized with the Yoast SEO plugin v22.9 - https:\/\/yoast.com\/wordpress\/plugins\/seo\/ -->\n<title>borne de balisage EP-2007 borne de balisage ext\u00e9rieur EP-2007 - Altris<\/title>\n<meta name=\"description\" content=\"La borne de balisage ext\u00e9rieur EP-2007 moderne, de 100 cm de hauteur, en IP65, est id\u00e9al pour \u00eatre plac\u00e9 et illuminer n\u2019importe quel coin de votre jardin ou terrasse. Vous pouvez choisir une ampoule avec une lumi\u00e8re plus ou moins forte ainsi qu\u2019une temp\u00e9rature de couleur plut\u00f4t chaude ou froide selon vos besoins\" \/>\n<meta name=\"robots\" content=\"index, follow, max-snippet:-1, max-image-preview:large, max-video-preview:-1\" \/>\n<link rel=\"canonical\" href=\"https:\/\/altrisacces.fr\/index.php\/produit\/ep-2007\/\" \/>\n<meta property=\"og:locale\" content=\"fr_FR\" \/>\n<meta property=\"og:type\" content=\"article\" \/>\n<meta property=\"og:title\" content=\"borne de balisage EP-2007 borne de balisage ext\u00e9rieur EP-2007 - Altris\" \/>\n<meta property=\"og:description\" content=\"La borne de balisage ext\u00e9rieur EP-2007 moderne, de 100 cm de hauteur, en IP65, est id\u00e9al pour \u00eatre plac\u00e9 et illuminer n\u2019importe quel coin de votre jardin ou terrasse. Vous pouvez choisir une ampoule avec une lumi\u00e8re plus ou moins forte ainsi qu\u2019une temp\u00e9rature de couleur plut\u00f4t chaude ou froide selon vos besoins\" \/>\n<meta property=\"og:url\" content=\"https:\/\/altrisacces.fr\/index.php\/produit\/ep-2007\/\" \/>\n<meta property=\"og:site_name\" content=\"Altris\" \/>\n<meta property=\"article:modified_time\" content=\"2024-06-26T10:12:20+00:00\" \/>\n<meta property=\"og:image\" content=\"https:\/\/altrisacces.fr\/wp-content\/uploads\/2024\/02\/EP-2007.jpg\" \/>\n\t<meta property=\"og:image:width\" content=\"480\" \/>\n\t<meta property=\"og:image:height\" content=\"480\" \/>\n\t<meta property=\"og:image:type\" content=\"image\/jpeg\" \/>\n<meta name=\"twitter:card\" content=\"summary_large_image\" \/>\n<meta name=\"twitter:label1\" content=\"Dur\u00e9e de lecture estim\u00e9e\" \/>\n\t<meta name=\"twitter:data1\" content=\"1 minute\" \/>\n<script type=\"application\/ld+json\" class=\"yoast-schema-graph\">{\"@context\":\"https:\/\/schema.org\",\"@graph\":[{\"@type\":\"WebPage\",\"@id\":\"https:\/\/altrisacces.fr\/index.php\/produit\/ep-2007\/\",\"url\":\"https:\/\/altrisacces.fr\/index.php\/produit\/ep-2007\/\",\"name\":\"borne de balisage EP-2007 borne de balisage ext\u00e9rieur EP-2007 - Altris\",\"isPartOf\":{\"@id\":\"https:\/\/altrisacces.fr\/#website\"},\"primaryImageOfPage\":{\"@id\":\"https:\/\/altrisacces.fr\/index.php\/produit\/ep-2007\/#primaryimage\"},\"image\":{\"@id\":\"https:\/\/altrisacces.fr\/index.php\/produit\/ep-2007\/#primaryimage\"},\"thumbnailUrl\":\"https:\/\/altrisacces.fr\/wp-content\/uploads\/2024\/02\/EP-2007.jpg\",\"datePublished\":\"2024-02-13T07:51:20+00:00\",\"dateModified\":\"2024-06-26T10:12:20+00:00\",\"description\":\"La borne de balisage ext\u00e9rieur EP-2007 moderne, de 100 cm de hauteur, en IP65, est id\u00e9al pour \u00eatre plac\u00e9 et illuminer n\u2019importe quel coin de votre jardin ou terrasse. Vous pouvez choisir une ampoule avec une lumi\u00e8re plus ou moins forte ainsi qu\u2019une temp\u00e9rature de couleur plut\u00f4t chaude ou froide selon vos besoins\",\"breadcrumb\":{\"@id\":\"https:\/\/altrisacces.fr\/index.php\/produit\/ep-2007\/#breadcrumb\"},\"inLanguage\":\"fr-FR\",\"potentialAction\":[{\"@type\":\"ReadAction\",\"target\":[\"https:\/\/altrisacces.fr\/index.php\/produit\/ep-2007\/\"]}]},{\"@type\":\"ImageObject\",\"inLanguage\":\"fr-FR\",\"@id\":\"https:\/\/altrisacces.fr\/index.php\/produit\/ep-2007\/#primaryimage\",\"url\":\"https:\/\/altrisacces.fr\/wp-content\/uploads\/2024\/02\/EP-2007.jpg\",\"contentUrl\":\"https:\/\/altrisacces.fr\/wp-content\/uploads\/2024\/02\/EP-2007.jpg\",\"width\":480,\"height\":480},{\"@type\":\"BreadcrumbList\",\"@id\":\"https:\/\/altrisacces.fr\/index.php\/produit\/ep-2007\/#breadcrumb\",\"itemListElement\":[{\"@type\":\"ListItem\",\"position\":1,\"name\":\"Accueil\",\"item\":\"https:\/\/altrisacces.fr\/\"},{\"@type\":\"ListItem\",\"position\":2,\"name\":\"Produits\",\"item\":\"https:\/\/altrisacces.fr\/index.php\/produits\/\"},{\"@type\":\"ListItem\",\"position\":3,\"name\":\"borne de balisage ext\u00e9rieur EP-2007\"}]},{\"@type\":\"WebSite\",\"@id\":\"https:\/\/altrisacces.fr\/#website\",\"url\":\"https:\/\/altrisacces.fr\/\",\"name\":\"Altris\",\"description\":\"\u00e9clairage LED public, ext\u00e9rieur, tertiaire et industriel\",\"publisher\":{\"@id\":\"https:\/\/altrisacces.fr\/#organization\"},\"potentialAction\":[{\"@type\":\"SearchAction\",\"target\":{\"@type\":\"EntryPoint\",\"urlTemplate\":\"https:\/\/altrisacces.fr\/?s={search_term_string}\"},\"query-input\":\"required name=search_term_string\"}],\"inLanguage\":\"fr-FR\"},{\"@type\":\"Organization\",\"@id\":\"https:\/\/altrisacces.fr\/#organization\",\"name\":\"Altris\",\"url\":\"https:\/\/altrisacces.fr\/\",\"logo\":{\"@type\":\"ImageObject\",\"inLanguage\":\"fr-FR\",\"@id\":\"https:\/\/altrisacces.fr\/#\/schema\/logo\/image\/\",\"url\":\"https:\/\/altrisacces.fr\/wp-content\/uploads\/2023\/10\/logo_Altris.png\",\"contentUrl\":\"https:\/\/altrisacces.fr\/wp-content\/uploads\/2023\/10\/logo_Altris.png\",\"width\":1579,\"height\":1006,\"caption\":\"Altris\"},\"image\":{\"@id\":\"https:\/\/altrisacces.fr\/#\/schema\/logo\/image\/\"}}]}<\/script>\n<!-- \/ Yoast SEO plugin. -->","yoast_head_json":{"title":"borne de balisage EP-2007 borne de balisage ext\u00e9rieur EP-2007 - Altris","description":"La borne de balisage ext\u00e9rieur EP-2007 moderne, de 100 cm de hauteur, en IP65, est id\u00e9al pour \u00eatre plac\u00e9 et illuminer n\u2019importe quel coin de votre jardin ou terrasse. Vous pouvez choisir une ampoule avec une lumi\u00e8re plus ou moins forte ainsi qu\u2019une temp\u00e9rature de couleur plut\u00f4t chaude ou froide selon vos besoins","robots":{"index":"index","follow":"follow","max-snippet":"max-snippet:-1","max-image-preview":"max-image-preview:large","max-video-preview":"max-video-preview:-1"},"canonical":"https:\/\/altrisacces.fr\/index.php\/produit\/ep-2007\/","og_locale":"fr_FR","og_type":"article","og_title":"borne de balisage EP-2007 borne de balisage ext\u00e9rieur EP-2007 - Altris","og_description":"La borne de balisage ext\u00e9rieur EP-2007 moderne, de 100 cm de hauteur, en IP65, est id\u00e9al pour \u00eatre plac\u00e9 et illuminer n\u2019importe quel coin de votre jardin ou terrasse. Vous pouvez choisir une ampoule avec une lumi\u00e8re plus ou moins forte ainsi qu\u2019une temp\u00e9rature de couleur plut\u00f4t chaude ou froide selon vos besoins","og_url":"https:\/\/altrisacces.fr\/index.php\/produit\/ep-2007\/","og_site_name":"Altris","article_modified_time":"2024-06-26T10:12:20+00:00","og_image":[{"width":480,"height":480,"url":"https:\/\/altrisacces.fr\/wp-content\/uploads\/2024\/02\/EP-2007.jpg","type":"image\/jpeg"}],"twitter_card":"summary_large_image","twitter_misc":{"Dur\u00e9e de lecture estim\u00e9e":"1 minute"},"schema":{"@context":"https:\/\/schema.org","@graph":[{"@type":"WebPage","@id":"https:\/\/altrisacces.fr\/index.php\/produit\/ep-2007\/","url":"https:\/\/altrisacces.fr\/index.php\/produit\/ep-2007\/","name":"borne de balisage EP-2007 borne de balisage ext\u00e9rieur EP-2007 - Altris","isPartOf":{"@id":"https:\/\/altrisacces.fr\/#website"},"primaryImageOfPage":{"@id":"https:\/\/altrisacces.fr\/index.php\/produit\/ep-2007\/#primaryimage"},"image":{"@id":"https:\/\/altrisacces.fr\/index.php\/produit\/ep-2007\/#primaryimage"},"thumbnailUrl":"https:\/\/altrisacces.fr\/wp-content\/uploads\/2024\/02\/EP-2007.jpg","datePublished":"2024-02-13T07:51:20+00:00","dateModified":"2024-06-26T10:12:20+00:00","description":"La borne de balisage ext\u00e9rieur EP-2007 moderne, de 100 cm de hauteur, en IP65, est id\u00e9al pour \u00eatre plac\u00e9 et illuminer n\u2019importe quel coin de votre jardin ou terrasse. Vous pouvez choisir une ampoule avec une lumi\u00e8re plus ou moins forte ainsi qu\u2019une temp\u00e9rature de couleur plut\u00f4t chaude ou froide selon vos besoins","breadcrumb":{"@id":"https:\/\/altrisacces.fr\/index.php\/produit\/ep-2007\/#breadcrumb"},"inLanguage":"fr-FR","potentialAction":[{"@type":"ReadAction","target":["https:\/\/altrisacces.fr\/index.php\/produit\/ep-2007\/"]}]},{"@type":"ImageObject","inLanguage":"fr-FR","@id":"https:\/\/altrisacces.fr\/index.php\/produit\/ep-2007\/#primaryimage","url":"https:\/\/altrisacces.fr\/wp-content\/uploads\/2024\/02\/EP-2007.jpg","contentUrl":"https:\/\/altrisacces.fr\/wp-content\/uploads\/2024\/02\/EP-2007.jpg","width":480,"height":480},{"@type":"BreadcrumbList","@id":"https:\/\/altrisacces.fr\/index.php\/produit\/ep-2007\/#breadcrumb","itemListElement":[{"@type":"ListItem","position":1,"name":"Accueil","item":"https:\/\/altrisacces.fr\/"},{"@type":"ListItem","position":2,"name":"Produits","item":"https:\/\/altrisacces.fr\/index.php\/produits\/"},{"@type":"ListItem","position":3,"name":"borne de balisage ext\u00e9rieur EP-2007"}]},{"@type":"WebSite","@id":"https:\/\/altrisacces.fr\/#website","url":"https:\/\/altrisacces.fr\/","name":"Altris","description":"\u00e9clairage LED public, ext\u00e9rieur, tertiaire et industriel","publisher":{"@id":"https:\/\/altrisacces.fr\/#organization"},"potentialAction":[{"@type":"SearchAction","target":{"@type":"EntryPoint","urlTemplate":"https:\/\/altrisacces.fr\/?s={search_term_string}"},"query-input":"required name=search_term_string"}],"inLanguage":"fr-FR"},{"@type":"Organization","@id":"https:\/\/altrisacces.fr\/#organization","name":"Altris","url":"https:\/\/altrisacces.fr\/","logo":{"@type":"ImageObject","inLanguage":"fr-FR","@id":"https:\/\/altrisacces.fr\/#\/schema\/logo\/image\/","url":"https:\/\/altrisacces.fr\/wp-content\/uploads\/2023\/10\/logo_Altris.png","contentUrl":"https:\/\/altrisacces.fr\/wp-content\/uploads\/2023\/10\/logo_Altris.png","width":1579,"height":1006,"caption":"Altris"},"image":{"@id":"https:\/\/altrisacces.fr\/#\/schema\/logo\/image\/"}}]}},"_links":{"self":[{"href":"https:\/\/altrisacces.fr\/index.php\/wp-json\/wp\/v2\/product\/868","targetHints":{"allow":["GET"]}}],"collection":[{"href":"https:\/\/altrisacces.fr\/index.php\/wp-json\/wp\/v2\/product"}],"about":[{"href":"https:\/\/altrisacces.fr\/index.php\/wp-json\/wp\/v2\/types\/product"}],"replies":[{"embeddable":true,"href":"https:\/\/altrisacces.fr\/index.php\/wp-json\/wp\/v2\/comments?post=868"}],"wp:featuredmedia":[{"embeddable":true,"href":"https:\/\/altrisacces.fr\/index.php\/wp-json\/wp\/v2\/media\/869"}],"wp:attachment":[{"href":"https:\/\/altrisacces.fr\/index.php\/wp-json\/wp\/v2\/media?parent=868"}],"wp:term":[{"taxonomy":"product_cat","embeddable":true,"href":"https:\/\/altrisacces.fr\/index.php\/wp-json\/wp\/v2\/product_cat?post=868"},{"taxonomy":"product_tag","embeddable":true,"href":"https:\/\/altrisacces.fr\/index.php\/wp-json\/wp\/v2\/product_tag?post=868"}],"curies":[{"name":"wp","href":"https:\/\/api.w.org\/{rel}","templated":true}]}}